or of b and 28.
28
Let k = -20213 + 22357. Calculate the greatest common factor of 12 and k.
4
Let v(w) = w**2 - w - 1. Let n be v(3). Suppose -11 - n = -4*a. What is the highest common factor of 18 and a?
2
Let r be (-2052)/(-2)*(-18)/(-36). Suppose 3*u - 216 - 108 = -3*z, 5*z - 4*u = r. Calculate the greatest common divisor of 231 and z.
21
Let x = -151 - -184. Let y be 18*(4 - x/(-6)). What is the highest common divisor of 38 and y?
19
Suppose 191 = 3*v + 2*g + 22, 3*v - 3*g = 129. Suppose -2*p + 2 = -6. Let w = v - p. Calculate the highest common factor of w and 94.
47
Suppose -1040 - 820 + 232 = -22*k. Calculate the greatest common divisor of 1554 and k.
74
Let o be (-59)/(17/(-8) + 2). Suppose -11*r + 3318 + 4140 = 0. Let b = r - 619. What is the highest common divisor of o and b?
59
Suppose -18613 + 77973 = 140*p. What is the greatest common divisor of 1219 and p?
53
Let b(p) = -p**3 + 16*p**2 + 4*p - 11. Let d be b(16). Let k = d + -51. Suppose -k*y + 228 = 4*y. Calculate the greatest common divisor of 190 and y.
38
Let k be 105/140 - 1025/(-4). Let j = 297 - k. What is the greatest common divisor of 200 and j?
40
Suppose 56*d + 2954 - 17122 = 0. Suppose -3*y = 4*v - 35, 3*v + 2*y - y - 30 = 0. Calculate the greatest common factor of d and v.
11
Let l be 22/6*6/2. Let y(q) = -11*q + 115. Let j be y(10). Suppose -4 = 2*k - 2*r, -19 = -16*k + 12*k - j*r. What is the highest common divisor of l and k?
1
Suppose 22 = 12*z - 26. Let w be (1224/(-16))/((-2)/z). Suppose w = -3*l + 12*l. Calculate the highest common factor of 34 and l.
17
Let s be ((-2)/6)/((-1)/93). Suppose -237 = p + 142. Let j = p + 534. What is the greatest common factor of j and s?
31
Let g be ((-3)/(-2)*1)/((-54)/(-36)). Let x(h) = -h**3 - 8*h**2 - 11*h - 5. Let a be x(-7). Calculate the greatest common factor of a and g.
1
Let l(u) = u**3 + 29*u**2 - 57*u + 200. Let m be l(-31). Calculate the greatest common factor of m and 6135.
15
Let u be ((-44)/(-11) - -18) + (-6)/(-2). Suppose -x + 300 = 2*x. Calculate the greatest common factor of x and u.
25
Suppose i = k - 4*i - 158, -2*k + 5*i = -346. What is the greatest common factor of 5546 and k?
94
Let x(u) = 3*u**2 - 24*u + 28. Let a be x(9). Suppose -2*g = 9*g - a. Calculate the highest common divisor of g and 120.
5
Let t = 14070 + -13663. Calculate the greatest common divisor of 275 and t.
11
Let d be (-13489)/(-141) + 2/6. What is the greatest common divisor of 222 and d?
6
Let u(k) = 13*k**2 + 9*k + 8. Let s be u(-1). Let d = -21 - 1. Let o = d + 94. What is the greatest common divisor of o and s?
12
Let p(d) = -7*d**2 + 186*d - 213. Let m be p(25). What is the highest common factor of 50158 and m?
62
Let m(l) = 4*l**2 - l + 961. Let a be m(0). Calculate the highest common divisor of a and 1.
1
Suppose 13827 = 2*r + 13411. Calculate the greatest common divisor of 80 and r.
16
Suppose -4*c + 258 = -l, c = l + 90 - 27. Suppose -8*o = -5*a - 277, o = 5*a - 0*a + 4. Calculate the highest common factor of o and c.
13
Let k(j) = -2*j**2 - 20*j - 13. Let h be k(-9). Let q be h*(15/25 + 3). Let w = 42 + q. Calculate the highest common factor of w and 36.
12
Let c(l) = l**2 - 2*l - 78. Let u be c(-8). Let m be 144 + 10 + (-4 - u). What is the greatest common divisor of 37 and m?
37
Suppose 114 = 3*h - 3*r, 40 = -0*h + h - 3*r. Suppose 0 = 24*l - h*l + 585. Calculate the greatest common divisor of l and 10.
5
Let i(g) = 2*g**2 + 267*g - 1815. Let c be i(7). What is the highest common factor of 969 and c?
19
Let h(q) = 21*q - 89. Suppose 16*v - 70 = 10. Let z be h(v). What is the highest common factor of 80 and z?
16
Let w be (((-100)/(-80))/(5/(-2)))/((-2)/20). Calculate the highest common divisor of 4555 and w.
5
Suppose v = 2*v - 330. Let t = -143 - -179. Suppose 35*z + 30 = t*z. What is the greatest common factor of z and v?
30
Let u(v) = 3*v**2 - 118*v + 217. Let p be u(38). What is the highest common divisor of p and 585?
65
Suppose 0 = 55*i - 49*i - 18564. Let m be i/195 + 62/15 + -4. What is the greatest common divisor of 816 and m?
16
Suppose -2*b - 2*j + 20 = -0*j, -24 = -3*b - 5*j. Let s be (-3874)/(-19) - ((-338)/247)/b. Calculate the greatest common divisor of s and 51.
51
Suppose -5*p + 69 = -141. Let a(s) = 6*s**3 + 6 + 5*s**3 + 11*s**2 - 12*s**3 + 15*s. Let z be a(12). Calculate the greatest common divisor of z and p.
42
Suppose 5*l = -858 + 873. Calculate the highest common divisor of 7149 and l.
3
Suppose -4 = -4*z + 2*h + 46, -4*z = -4*h - 44. Suppose 12*j + 2434 = z*j. Let b = -865 + j. What is the highest common factor of b and 32?
32
Suppose -7 - 1 = -b. Let z = -1 + b. Suppose 18*u + 14 = 20*u - 2*f, -2*u - 4*f + 14 = 0. What is the highest common factor of u and z?
7
Let y(l) = 75*l**2 - 2*l + 3. Let f be y(3). Let c be 1047/2443*4*28. What is the highest common factor of c and f?
48
Suppose -187*g + 186*g + 478 = 0. Let j = g - 406. Calculate the greatest common divisor of j and 9.
9
Suppose 0 = 5*r + 35. Let a be 480/14 - (-2)/r. Suppose -311066*s + 310993*s + 3723 = 0. Calculate the highest common divisor of s and a.
17
Suppose -4*s + 8 = -4*m, m + s - 4*s = -12. Suppose -4*c + 150 = -m*b, -4*b + 64 = -2*c + 4*c. What is the highest common factor of c and 108?
36
Suppose 5*j = -4*s + 74, -j - 69 = -3*s + 2*j. Let g = -18 - -39. What is the greatest common divisor of s and g?
21
Suppose -863 = -5*g - 2*t + 8597, 3*t = 4*g - 7568. Calculate the greatest common factor of g and 110.
22
Let y(s) = 614*s + 2315. Let t be y(33). Calculate the greatest common factor of t and 107.
107
Let i = -24 + 42. Let x = 117 - 57. Suppose m - x = -9*m. Calculate the greatest common divisor of i and m.
6
Let j be -3 + -55 + -1 - 2. Let p = 88 + j. Let v be (9/p)/((-1)/(-27)). What is the greatest common divisor of 9 and v?
9
Suppose 0 = -3*g + 10*h - 8*h + 6, 0 = 2*g + 4*h - 20. Let k be (-30 + 4)/((-1)/g). Calculate the highest common factor of k and 26.
26
Let o(c) = -c**3 + c**2 - c + 72. Let k = -2 - -2. Let g be o(k). Suppose 0 = 361*l - 715*l + 363*l - 81. Calculate the greatest common divisor of l and g.
9
Let r(c) = -44*c**2 - c - 1. Let l be r(-1). Let s be 30*(-3 + l/(-12)). Let n = 183 + -133. What is the greatest common divisor of n and s?
10
Let y = 61 - 37. Suppose y = 4*n + 8. Suppose -w - 128*k + 131*k + 22 = 0, k = -5*w + 14. What is the highest common factor of n and w?
4
Suppose 5*f - a = 92, 45 + 41 = 5*f - 3*a. Let p = 53 - f. Let l = -8 + 10. What is the highest common factor of p and l?
2
Let r = 763 + -733. What is the highest common divisor of r and 4110?
30
Let m be (-2)/(16/(-12))*44. Let t = -313 + 325. Suppose 35 = t*y - 37. Calculate the highest common divisor of y and m.
6
Suppose -35*q + 114 + 166 = 0. Suppose 2*p + 4*d = 42, -3*p - 45 = -q*p + 2*d. Calculate the highest common factor of p and 297.
11
Suppose 4*g - 377 - 23 = 0. Suppose 0 = 5*p + 6*p - 52 - 168. Calculate the greatest common divisor of p and g.
20
Let q(b) = b**3 - 5*b**2 + 4*b + 5. Let u be q(5). Let c be (-18)/(-45) + 336/35 + 0 - 5. What is the greatest common factor of c and u?
5
Let c be (-64)/(-3)*(-78)/(-104). Calculate the greatest common divisor of c and 44.
4
Let m = -707 - -730. Suppose 2*j - 2*u = -m + 39, -j = 5*u + 4. Calculate the greatest common factor of j and 8.
2
Suppose -14*b + 91*b + 30*b - 1070 = 0. Calculate the greatest common divisor of 830 and b.
10
Let y = 2126 + -2038. What is the highest common divisor of 18304 and y?
88
Suppose 28*l = -9891 + 14259. Suppose -2*h - i - 3*i = -108, 2*h + 2*i - 114 = 0. What is the greatest common divisor of l and h?
12
Suppose 3*v = 7*b - 9*b + 2111, 0 = 2*v - 10. What is the greatest common divisor of 40 and b?
8
Let t be 30/12*14*-4. Let u = 168 + t. Let z be 28/10*5/1. What is the greatest common divisor of z and u?
14
Let u be 118 + (24/18)/((-2)/3). Let l = -98 + u. What is the greatest common factor of l and 27?
9
Let m(r) = r**3 + r**2 + 10*r - 26. Let j be m(7). Suppose 0*y - 2*y = 3*w - 420, -2*y = -w - j. What is the highest common divisor of 162 and y?
54
Let i(w) = 59*w**2 - 15*w + 16. Let t be i(1). What is the highest common divisor of 560 and t?
20
Let d = 113 - 77. Let m(w) = -w + 5. Let c be m(-7). Calculate the highest common divisor of d a